{"id":192,"date":"2022-02-21T12:53:27","date_gmt":"2022-02-21T12:53:27","guid":{"rendered":"https:\/\/baumwipfelweg-bad-camberg.de\/?page_id=192"},"modified":"2024-05-20T09:47:02","modified_gmt":"2024-05-20T09:47:02","slug":"faq","status":"publish","type":"page","link":"https:\/\/dev.baumwipfelweg-bad-camberg.de\/index.php\/faq\/","title":{"rendered":"FAQ"},"content":{"rendered":"\t\t<div data-elementor-type=\"wp-page\" data-elementor-id=\"192\" class=\"elementor elementor-192\" data-elementor-post-type=\"page\">\n\t\t\t\t\t\t<section class=\"elementor-section elementor-top-section elementor-element elementor-element-79f39fa elementor-section-full_width elementor-section-height-min-height elementor-section-items-stretch elementor-section-height-default\" data-id=\"79f39fa\" data-element_type=\"section\" data-e-type=\"section\" data-settings=\"{&quot;background_background&quot;:&quot;classic&quot;}\">\n\t\t\t\t\t\t<div class=\"elementor-container elementor-column-gap-default\">\n\t\t\t\t\t<div class=\"elementor-column elementor-col-100 elementor-top-column elementor-element elementor-element-fec699c\" data-id=\"fec699c\" data-element_type=\"column\" data-e-type=\"column\">\n\t\t\t<div class=\"elementor-widget-wrap elementor-element-populated\">\n\t\t\t\t\t\t<div class=\"elementor-element elementor-element-048ac04 elementor-widget elementor-widget-heading\" data-id=\"048ac04\" data-element_type=\"widget\" data-e-type=\"widget\" data-widget_type=\"heading.default\">\n\t\t\t\t<div class=\"elementor-widget-container\">\n\t\t\t\t\t<h4 class=\"elementor-heading-title elementor-size-default\">FAQ<\/h4>\t\t\t\t<\/div>\n\t\t\t\t<\/div>\n\t\t\t\t<div class=\"elementor-element elementor-element-d88fd40 elementor-widget elementor-widget-heading\" data-id=\"d88fd40\" data-element_type=\"widget\" data-e-type=\"widget\" data-widget_type=\"heading.default\">\n\t\t\t\t<div class=\"elementor-widget-container\">\n\t\t\t\t\t<h5 class=\"elementor-heading-title elementor-size-default\">Most frequent questions and answers<\/h5>\t\t\t\t<\/div>\n\t\t\t\t<\/div>\n\t\t\t\t<div class=\"elementor-element elementor-element-1c87bbe elementor-widget elementor-widget-toggle\" data-id=\"1c87bbe\" data-element_type=\"widget\" data-e-type=\"widget\" data-widget_type=\"toggle.default\">\n\t\t\t\t<div class=\"elementor-widget-container\">\n\t\t\t\t\t\t\t<div class=\"elementor-toggle\">\n\t\t\t\t\t\t\t<div class=\"elementor-toggle-item\">\n\t\t\t\t\t<div id=\"elementor-tab-title-2991\" class=\"elementor-tab-title\" data-tab=\"1\" role=\"button\" aria-controls=\"elementor-tab-content-2991\" aria-expanded=\"false\">\n\t\t\t\t\t\t\t\t\t\t\t\t<span class=\"elementor-toggle-icon elementor-toggle-icon-right\" aria-hidden=\"true\">\n\t\t\t\t\t\t\t\t\t\t\t\t\t\t\t<span class=\"elementor-toggle-icon-closed\"><i class=\"fas fa-plus\"><\/i><\/span>\n\t\t\t\t\t\t\t\t<span class=\"elementor-toggle-icon-opened\"><i class=\"elementor-toggle-icon-opened fas fa-minus\"><\/i><\/span>\n\t\t\t\t\t\t\t\t\t\t\t\t\t<\/span>\n\t\t\t\t\t\t\t\t\t\t\t\t<a class=\"elementor-toggle-title\" tabindex=\"0\">D\u00fcrfen Hunde mit auf den Baumwipfelweg genommen werden ?<\/a>\n\t\t\t\t\t<\/div>\n\n\t\t\t\t\t<div id=\"elementor-tab-content-2991\" class=\"elementor-tab-content elementor-clearfix\" data-tab=\"1\" role=\"region\" aria-labelledby=\"elementor-tab-title-2991\"><p>Du kannst Deinen Hund gerne angeleint mit auf den Baumwipfelweg nehmen. Bitte beachte, dass der Weg aus sehr vielen Stufen und Gitterrosten besteht, die zu queren sind. Wir wollen allen ein sch\u00f6nes Erlebnis bieten, nehme deshalb bitte R\u00fccksicht auf andere Besucher.<\/p><\/div>\n\t\t\t\t<\/div>\n\t\t\t\t\t\t\t\t<\/div>\n\t\t\t\t\t\t<\/div>\n\t\t\t\t<\/div>\n\t\t\t\t<div class=\"elementor-element elementor-element-1ec16f6 elementor-widget elementor-widget-toggle\" data-id=\"1ec16f6\" data-element_type=\"widget\" data-e-type=\"widget\" data-widget_type=\"toggle.default\">\n\t\t\t\t<div class=\"elementor-widget-container\">\n\t\t\t\t\t\t\t<div class=\"elementor-toggle\">\n\t\t\t\t\t\t\t<div class=\"elementor-toggle-item\">\n\t\t\t\t\t<div id=\"elementor-tab-title-3221\" class=\"elementor-tab-title\" data-tab=\"1\" role=\"button\" aria-controls=\"elementor-tab-content-3221\" aria-expanded=\"false\">\n\t\t\t\t\t\t\t\t\t\t\t\t<span class=\"elementor-toggle-icon elementor-toggle-icon-right\" aria-hidden=\"true\">\n\t\t\t\t\t\t\t\t\t\t\t\t\t\t\t<span class=\"elementor-toggle-icon-closed\"><i class=\"fas fa-plus\"><\/i><\/span>\n\t\t\t\t\t\t\t\t<span class=\"elementor-toggle-icon-opened\"><i class=\"elementor-toggle-icon-opened fas fa-minus\"><\/i><\/span>\n\t\t\t\t\t\t\t\t\t\t\t\t\t<\/span>\n\t\t\t\t\t\t\t\t\t\t\t\t<a class=\"elementor-toggle-title\" tabindex=\"0\">Musst Du reservieren ?<\/a>\n\t\t\t\t\t<\/div>\n\n\t\t\t\t\t<div id=\"elementor-tab-content-3221\" class=\"elementor-tab-content elementor-clearfix\" data-tab=\"1\" role=\"region\" aria-labelledby=\"elementor-tab-title-3221\"><p>Eine Buchung ist nicht m\u00f6glich und auch nicht n\u00f6tig. Innerhalb unserer \u00d6ffnungszeiten k\u00f6nnen uns Einzelpersonen sowie Gruppen ohne Anmeldung besuchen kommen.<\/p><\/div>\n\t\t\t\t<\/div>\n\t\t\t\t\t\t\t\t<\/div>\n\t\t\t\t\t\t<\/div>\n\t\t\t\t<\/div>\n\t\t\t\t<div class=\"elementor-element elementor-element-0b5c1c5 elementor-widget elementor-widget-toggle\" data-id=\"0b5c1c5\" data-element_type=\"widget\" data-e-type=\"widget\" data-widget_type=\"toggle.default\">\n\t\t\t\t<div class=\"elementor-widget-container\">\n\t\t\t\t\t\t\t<div class=\"elementor-toggle\">\n\t\t\t\t\t\t\t<div class=\"elementor-toggle-item\">\n\t\t\t\t\t<div id=\"elementor-tab-title-1191\" class=\"elementor-tab-title\" data-tab=\"1\" role=\"button\" aria-controls=\"elementor-tab-content-1191\" aria-expanded=\"false\">\n\t\t\t\t\t\t\t\t\t\t\t\t<span class=\"elementor-toggle-icon elementor-toggle-icon-right\" aria-hidden=\"true\">\n\t\t\t\t\t\t\t\t\t\t\t\t\t\t\t<span class=\"elementor-toggle-icon-closed\"><i class=\"fas fa-plus\"><\/i><\/span>\n\t\t\t\t\t\t\t\t<span class=\"elementor-toggle-icon-opened\"><i class=\"elementor-toggle-icon-opened fas fa-minus\"><\/i><\/span>\n\t\t\t\t\t\t\t\t\t\t\t\t\t<\/span>\n\t\t\t\t\t\t\t\t\t\t\t\t<a class=\"elementor-toggle-title\" tabindex=\"0\">Anfahrt ?<\/a>\n\t\t\t\t\t<\/div>\n\n\t\t\t\t\t<div id=\"elementor-tab-content-1191\" class=\"elementor-tab-content elementor-clearfix\" data-tab=\"1\" role=\"region\" aria-labelledby=\"elementor-tab-title-1191\"><p>Nutze bitte den Service von <a href=\"https:\/\/www.google.de\/maps\/dir\/\/Baumwipfelweg+Bad+Camberg,+Am+Vorderwald+1,+65520+Bad+Camberg\/@50.2994284,8.2975085,17z\/data=!4m8!4m7!1m0!1m5!1m1!1s0x47a2b1be098384d1:0xf9a8a0982596093d!2m2!1d8.3018859!2d50.2994284\" target=\"_blank\" rel=\"noopener\"><strong><span style=\"text-decoration: underline;\">Google Maps<\/span><\/strong><\/a> oder eine alternative Navigation um dich zu unserem Standort navigieren zu lassen. Wenn Du unseren Parkplatz an der Landstra\u00dfe L3031, am Vorderwald 1 in 65520 Bad Camberg erreicht hast (der Parkplatz befindet sich bereits auf der richtigen Waldseite, ohne dass du die Landstra\u00dfe \u00fcberqueren musst), folge bitte zu Fu\u00df dem Waldweg und der Beschilderung &#8222;Baumwipfelweg&#8220; in Richtung Wald. Nach ca. 400 Metern Waldweg ist unser Empfangsgeb\u00e4ude rechterhand zu sehen.<\/p><p>Wenn dein Navigationssystem unsere Adresse noch nicht kennt, suche einfach nach dem Hotel Waldschloss. Von Bad Camberg aus kommend, f\u00e4hrst du \u00fcber die L3031 am Hotel Waldschloss vorbei, ca. 500 Meter weiter befindet sich rechts die Einfahrt zu unserem Parkplatz.\u00a0<\/p><p><a href=\"https:\/\/www.google.de\/maps\/place\/Baumwipfelweg+Bad+Camberg+%E2%80%9CForest+Adventures%E2%80%9D\/@50.2994284,8.2975085,17z\/data=!4m15!1m7!3m6!1s0x47bdb1bca145360d:0x24141fa992af516a!2sBaumwipfelweg+Bad+Camberg+%E2%80%9CForest+Adventures%E2%80%9D!8m2!3d50.2989942!4d8.3022972!16s%2Fg%2F11pysmxv6s!3m6!1s0x47bdb1bca145360d:0x24141fa992af516a!8m2!3d50.2989942!4d8.3022972!15sChlCYXVtd2lwZmVsd2VnIEJhZCBDYW1iZXJnkgENcGxhbnRfbnVyc2VyeeABAA!16s%2Fg%2F11pysmxv6s?entry=ttu\" target=\"_blank\" rel=\"noopener\"><img fetchpriority=\"high\" decoding=\"async\" class=\"alignnone wp-image-2205\" src=\"https:\/\/dev.baumwipfelweg-bad-camberg.de\/wp-content\/uploads\/2023\/06\/Karte-Anfahrt-1-1024x469.png\" alt=\"\" width=\"850\" height=\"389\" srcset=\"https:\/\/dev.baumwipfelweg-bad-camberg.de\/wp-content\/uploads\/2023\/06\/Karte-Anfahrt-1-1024x469.png 1024w, https:\/\/dev.baumwipfelweg-bad-camberg.de\/wp-content\/uploads\/2023\/06\/Karte-Anfahrt-1-300x137.png 300w, https:\/\/dev.baumwipfelweg-bad-camberg.de\/wp-content\/uploads\/2023\/06\/Karte-Anfahrt-1-768x352.png 768w, https:\/\/dev.baumwipfelweg-bad-camberg.de\/wp-content\/uploads\/2023\/06\/Karte-Anfahrt-1-1536x703.png 1536w, https:\/\/dev.baumwipfelweg-bad-camberg.de\/wp-content\/uploads\/2023\/06\/Karte-Anfahrt-1-1170x536.png 1170w, https:\/\/dev.baumwipfelweg-bad-camberg.de\/wp-content\/uploads\/2023\/06\/Karte-Anfahrt-1-1568x718.png 1568w, https:\/\/dev.baumwipfelweg-bad-camberg.de\/wp-content\/uploads\/2023\/06\/Karte-Anfahrt-1.png 1649w\" sizes=\"(max-width: 850px) 100vw, 850px\" \/><\/a><\/p><div><span style=\"text-decoration: underline;\"><strong>Aus Richtung Kassel<\/strong><\/span><\/div><p id=\"m_8241877633460521098m_-1741430606461482592gmail-directions-mode-group-title_0_1\">A7\u00a0und\u00a0A5\u00a0bis\u00a0B275\u00a0in\u00a0Ober-<wbr \/>M\u00f6rlen folgen, auf A5 Ausfahrt 14-Ober-M\u00f6rlen nehmen, B275 folgen, bis L3031 in Bad Camberg fahren, rechts abbiegen auf B275, links abbiegen auf Kreuzgasse\/B275, rechts abbiegen auf L3031, der Parkplatz vom Baumwipfelweg befindet sich auf der linken Seite, von hier aus gehst Du noch ca. 400 m in den Wald hinhein bis Du das Hauptgeb\u00e4ude des Baumwipfelwegs sehen kannst.<\/p><p><span style=\"text-decoration: underline;\"><strong>Aus Richtung Frankfurt oder Limburg<\/strong><\/span><\/p><p>A3 bis L3031 in Bad Camberg nehmen, auf A3 Ausfahrt 44-Bad Camberg-Rasthof Bad Camberg nehmen, Links abbiegen auf L3031 Beuerbacher Landstra\u00dfe und Frankfurter Str.\/B8 bis L3031 nehmen, weiter auf Beuerbacher Landstra\u00dfe\/L3031, Im Kreisverkehr zweite Ausfahrt nehmen, um auf Beuerbacher Landstra\u00dfe zu bleiben, weiter auf Bahnhofstra\u00dfe, Rechts\u00a0<wbr \/>abbiegen auf Frankfurter Str.\/B8, Links abbiegen auf L3031 (Schilder nach Usingen\/Dombach), das Ziel befindet sich auf der rechten Seite, von hier aus gehst Du noch ca. 400 m in den Wald hinhein bis Du das Hauptgeb\u00e4ude des Baumwipfelwegs sehen kannst.<\/p><p><strong><span style=\"text-decoration: underline;\">Anfahrt mit den \u00f6ffentlichen Verkehrsmitteln ab Bahnhof Bad Camberg<\/span><\/strong><\/p><p>Die Anfahrt, z.B. vom Bahnhof Bad Camberg zum Baumwipfelweg, kann leider nur zum Teil mit den \u00f6ffentlichen Verkehrsmitteln abgedeckt werden. Ab der R\u00f6ntgenstra\u00dfe in Bad Camberg, welche vom Bahnhof mit der Buslinie LM32 zu erreichen ist, muss der restliche Teil der Strecke zu Fu\u00df zur\u00fcckgelegt werden (<a href=\"https:\/\/maps.app.goo.gl\/j7xWtvYfSvfUqXMBA\" target=\"_blank\" rel=\"noopener\" data-saferedirecturl=\"https:\/\/www.google.com\/url?q=https:\/\/maps.app.goo.gl\/j7xWtvYfSvfUqXMBA&amp;source=gmail&amp;ust=1716280841358000&amp;usg=AOvVaw3cFdRUlcvpGh6ZsZqhmlUo\">https:\/\/maps.app.goo.gl\/<wbr \/>j7xWtvYfSvfUqXMBA<\/a>). Ab der R\u00f6ntgenstra\u00dfe sind es noch 37 Minuten bzw. 2,4 km Fu\u00dfweg. Eine direkte Busverbindung zu unserem Standort ist derzeit noch nicht hergestellt.\u00a0<\/p><\/div>\n\t\t\t\t<\/div>\n\t\t\t\t\t\t\t\t<\/div>\n\t\t\t\t\t\t<\/div>\n\t\t\t\t<\/div>\n\t\t\t\t<div class=\"elementor-element elementor-element-949f0b6 elementor-widget elementor-widget-toggle\" data-id=\"949f0b6\" data-element_type=\"widget\" data-e-type=\"widget\" data-widget_type=\"toggle.default\">\n\t\t\t\t<div class=\"elementor-widget-container\">\n\t\t\t\t\t\t\t<div class=\"elementor-toggle\">\n\t\t\t\t\t\t\t<div class=\"elementor-toggle-item\">\n\t\t\t\t\t<div id=\"elementor-tab-title-1551\" class=\"elementor-tab-title\" data-tab=\"1\" role=\"button\" aria-controls=\"elementor-tab-content-1551\" aria-expanded=\"false\">\n\t\t\t\t\t\t\t\t\t\t\t\t<span class=\"elementor-toggle-icon elementor-toggle-icon-right\" aria-hidden=\"true\">\n\t\t\t\t\t\t\t\t\t\t\t\t\t\t\t<span class=\"elementor-toggle-icon-closed\"><i class=\"fas fa-plus\"><\/i><\/span>\n\t\t\t\t\t\t\t\t<span class=\"elementor-toggle-icon-opened\"><i class=\"elementor-toggle-icon-opened fas fa-minus\"><\/i><\/span>\n\t\t\t\t\t\t\t\t\t\t\t\t\t<\/span>\n\t\t\t\t\t\t\t\t\t\t\t\t<a class=\"elementor-toggle-title\" tabindex=\"0\">Parken ?<\/a>\n\t\t\t\t\t<\/div>\n\n\t\t\t\t\t<div id=\"elementor-tab-content-1551\" class=\"elementor-tab-content elementor-clearfix\" data-tab=\"1\" role=\"region\" aria-labelledby=\"elementor-tab-title-1551\"><p>Der Parkplatz vom Baumwipfelweg befindet sich ca. 400 m vom Eingang entfernt und bietet ausreichend Platz. Von dort machst Du einen kleinen Spaziergang in den Wald hinein, bis das Hauptgeb\u00e4ude zu sehen ist. Wir k\u00f6nnen leider keine Ausnahme machen wenn es darum geht das Hauptgeb\u00e4ude direkt anzufahren, auch wenn es sich nur um das Absetzen von Gruppen oder Personen mit eingeschr\u00e4nkter Mobilit\u00e4t handelt.\u00a0<\/p><\/div>\n\t\t\t\t<\/div>\n\t\t\t\t\t\t\t\t<\/div>\n\t\t\t\t\t\t<\/div>\n\t\t\t\t<\/div>\n\t\t\t\t<div class=\"elementor-element elementor-element-175f8d4 elementor-widget elementor-widget-toggle\" data-id=\"175f8d4\" data-element_type=\"widget\" data-e-type=\"widget\" data-widget_type=\"toggle.default\">\n\t\t\t\t<div class=\"elementor-widget-container\">\n\t\t\t\t\t\t\t<div class=\"elementor-toggle\">\n\t\t\t\t\t\t\t<div class=\"elementor-toggle-item\">\n\t\t\t\t\t<div id=\"elementor-tab-title-2451\" class=\"elementor-tab-title\" data-tab=\"1\" role=\"button\" aria-controls=\"elementor-tab-content-2451\" aria-expanded=\"false\">\n\t\t\t\t\t\t\t\t\t\t\t\t<span class=\"elementor-toggle-icon elementor-toggle-icon-right\" aria-hidden=\"true\">\n\t\t\t\t\t\t\t\t\t\t\t\t\t\t\t<span class=\"elementor-toggle-icon-closed\"><i class=\"fas fa-plus\"><\/i><\/span>\n\t\t\t\t\t\t\t\t<span class=\"elementor-toggle-icon-opened\"><i class=\"elementor-toggle-icon-opened fas fa-minus\"><\/i><\/span>\n\t\t\t\t\t\t\t\t\t\t\t\t\t<\/span>\n\t\t\t\t\t\t\t\t\t\t\t\t<a class=\"elementor-toggle-title\" tabindex=\"0\">Barrierefrei \/ Kinderwagen \/ Rollstuhl ?<\/a>\n\t\t\t\t\t<\/div>\n\n\t\t\t\t\t<div id=\"elementor-tab-content-2451\" class=\"elementor-tab-content elementor-clearfix\" data-tab=\"1\" role=\"region\" aria-labelledby=\"elementor-tab-title-2451\"><p>Die Anlage ist leider nicht barrierefrei. Der Wipfelweg steigt mit dem Berg an und f\u00fchrt bis auf \u00fcber 30 Meter H\u00f6he. Der Bau des Weges war leider nicht mit Rampen umsetzbar. Es gibt zwischendrin T\u00fcrme mit einigen Treppenstufen, die man begehen k\u00f6nnen muss, um den Baumwipfelweg zu durchwandern.<\/p><\/div>\n\t\t\t\t<\/div>\n\t\t\t\t\t\t\t\t<\/div>\n\t\t\t\t\t\t<\/div>\n\t\t\t\t<\/div>\n\t\t\t\t<div class=\"elementor-element elementor-element-9453c64 elementor-widget elementor-widget-toggle\" data-id=\"9453c64\" data-element_type=\"widget\" data-e-type=\"widget\" data-widget_type=\"toggle.default\">\n\t\t\t\t<div class=\"elementor-widget-container\">\n\t\t\t\t\t\t\t<div class=\"elementor-toggle\">\n\t\t\t\t\t\t\t<div class=\"elementor-toggle-item\">\n\t\t\t\t\t<div id=\"elementor-tab-title-1551\" class=\"elementor-tab-title\" data-tab=\"1\" role=\"button\" aria-controls=\"elementor-tab-content-1551\" aria-expanded=\"false\">\n\t\t\t\t\t\t\t\t\t\t\t\t<span class=\"elementor-toggle-icon elementor-toggle-icon-right\" aria-hidden=\"true\">\n\t\t\t\t\t\t\t\t\t\t\t\t\t\t\t<span class=\"elementor-toggle-icon-closed\"><i class=\"fas fa-plus\"><\/i><\/span>\n\t\t\t\t\t\t\t\t<span class=\"elementor-toggle-icon-opened\"><i class=\"elementor-toggle-icon-opened fas fa-minus\"><\/i><\/span>\n\t\t\t\t\t\t\t\t\t\t\t\t\t<\/span>\n\t\t\t\t\t\t\t\t\t\t\t\t<a class=\"elementor-toggle-title\" tabindex=\"0\">Zeit ?<\/a>\n\t\t\t\t\t<\/div>\n\n\t\t\t\t\t<div id=\"elementor-tab-content-1551\" class=\"elementor-tab-content elementor-clearfix\" data-tab=\"1\" role=\"region\" aria-labelledby=\"elementor-tab-title-1551\"><p>Die Dauer, die Du auf unserem Baumwipfelweg verweilen kannst, ist vollkommen frei.<br \/>In der Regel bleiben Besucher im Schnitt 1-2 Stunden. Nat\u00fcrlich kannst Du w\u00e4hrend Deines Aufenthalts ein Picknick integrieren und Dich gerne l\u00e4nger bei uns aufhalten.\u00a0<\/p><\/div>\n\t\t\t\t<\/div>\n\t\t\t\t\t\t\t\t<\/div>\n\t\t\t\t\t\t<\/div>\n\t\t\t\t<\/div>\n\t\t\t\t<div class=\"elementor-element elementor-element-25ff074 elementor-widget elementor-widget-toggle\" data-id=\"25ff074\" data-element_type=\"widget\" data-e-type=\"widget\" data-widget_type=\"toggle.default\">\n\t\t\t\t<div class=\"elementor-widget-container\">\n\t\t\t\t\t\t\t<div class=\"elementor-toggle\">\n\t\t\t\t\t\t\t<div class=\"elementor-toggle-item\">\n\t\t\t\t\t<div id=\"elementor-tab-title-3981\" class=\"elementor-tab-title\" data-tab=\"1\" role=\"button\" aria-controls=\"elementor-tab-content-3981\" aria-expanded=\"false\">\n\t\t\t\t\t\t\t\t\t\t\t\t<span class=\"elementor-toggle-icon elementor-toggle-icon-right\" aria-hidden=\"true\">\n\t\t\t\t\t\t\t\t\t\t\t\t\t\t\t<span class=\"elementor-toggle-icon-closed\"><i class=\"fas fa-plus\"><\/i><\/span>\n\t\t\t\t\t\t\t\t<span class=\"elementor-toggle-icon-opened\"><i class=\"elementor-toggle-icon-opened fas fa-minus\"><\/i><\/span>\n\t\t\t\t\t\t\t\t\t\t\t\t\t<\/span>\n\t\t\t\t\t\t\t\t\t\t\t\t<a class=\"elementor-toggle-title\" tabindex=\"0\">Verpflegung ?<\/a>\n\t\t\t\t\t<\/div>\n\n\t\t\t\t\t<div id=\"elementor-tab-content-3981\" class=\"elementor-tab-content elementor-clearfix\" data-tab=\"1\" role=\"region\" aria-labelledby=\"elementor-tab-title-3981\"><p>Gerne kannst Du Dich mit einem Picknick selbst versorgen und es Dir in unserer Anlage gem\u00fctlich machen! Wir arbeiten gerade an der Er\u00f6ffnung der Gastronomie. Vor\u00fcbergehend bieten wir in einem kleinen Kioskbereich ein \u00fcberschaubares Angebot an Softgetr\u00e4nken, Kaffee und Snacks in Form von S\u00fc\u00dfigkeiten und Eis an.<\/p><\/div>\n\t\t\t\t<\/div>\n\t\t\t\t\t\t\t\t<\/div>\n\t\t\t\t\t\t<\/div>\n\t\t\t\t<\/div>\n\t\t\t\t<div class=\"elementor-element elementor-element-5dd5b57 elementor-widget elementor-widget-toggle\" data-id=\"5dd5b57\" data-element_type=\"widget\" data-e-type=\"widget\" data-widget_type=\"toggle.default\">\n\t\t\t\t<div class=\"elementor-widget-container\">\n\t\t\t\t\t\t\t<div class=\"elementor-toggle\">\n\t\t\t\t\t\t\t<div class=\"elementor-toggle-item\">\n\t\t\t\t\t<div id=\"elementor-tab-title-9831\" class=\"elementor-tab-title\" data-tab=\"1\" role=\"button\" aria-controls=\"elementor-tab-content-9831\" aria-expanded=\"false\">\n\t\t\t\t\t\t\t\t\t\t\t\t<span class=\"elementor-toggle-icon elementor-toggle-icon-right\" aria-hidden=\"true\">\n\t\t\t\t\t\t\t\t\t\t\t\t\t\t\t<span class=\"elementor-toggle-icon-closed\"><i class=\"fas fa-plus\"><\/i><\/span>\n\t\t\t\t\t\t\t\t<span class=\"elementor-toggle-icon-opened\"><i class=\"elementor-toggle-icon-opened fas fa-minus\"><\/i><\/span>\n\t\t\t\t\t\t\t\t\t\t\t\t\t<\/span>\n\t\t\t\t\t\t\t\t\t\t\t\t<a class=\"elementor-toggle-title\" tabindex=\"0\">Schlechtwetter ?<\/a>\n\t\t\t\t\t<\/div>\n\n\t\t\t\t\t<div id=\"elementor-tab-content-9831\" class=\"elementor-tab-content elementor-clearfix\" data-tab=\"1\" role=\"region\" aria-labelledby=\"elementor-tab-title-9831\"><div>Bei leichtem bis mittlerem Regen lassen wir die Anlage vorerst ge\u00f6ffnet. Regen ist ohnehin nicht sicherheitskritisch.<\/div><div><div>In seltenen F\u00e4llen kann es passieren, dass wir kurzfristig aus Sicherheitsgr\u00fcnden bei Sturm, Gewitter und starkem Regen schlie\u00dfen m\u00fcssen. In diesem Fall kommunizieren wir dies so schnell wie m\u00f6glich auf unserer Homepage. Eine Entscheidung unsererseits kann allerdings sehr kurzfristig erfolgen. In diesem Fall bitten wir um Deine Flexibilit\u00e4t.\u00a0<\/div><\/div><\/div>\n\t\t\t\t<\/div>\n\t\t\t\t\t\t\t\t<\/div>\n\t\t\t\t\t\t<\/div>\n\t\t\t\t<\/div>\n\t\t\t\t\t<\/div>\n\t\t<\/div>\n\t\t\t\t\t<\/div>\n\t\t<\/section>\n\t\t\t\t<\/div>\n\t\t","protected":false},"excerpt":{"rendered":"<p>FAQ Most frequent questions and answers D\u00fcrfen Hunde mit auf den Baumwipfelweg genommen werden ? Du kannst Deinen Hund gerne angeleint mit auf den Baumwipfelweg nehmen. Bitte beachte, dass der Weg aus sehr vielen Stufen und Gitterrosten besteht, die zu queren sind. Wir wollen allen ein sch\u00f6nes Erlebnis bieten, nehme deshalb bitte R\u00fccksicht auf andere &hellip; <\/p>\n<p class=\"link-more\"><a href=\"https:\/\/dev.baumwipfelweg-bad-camberg.de\/index.php\/faq\/\" class=\"more-link\"><span class=\"screen-reader-text\">\u201eFAQ\u201c <\/span>weiterlesen<\/a><\/p>\n","protected":false},"author":2,"featured_media":0,"parent":0,"menu_order":0,"comment_status":"closed","ping_status":"closed","template":"elementor_header_footer","meta":{"_eb_attr":"","footnotes":""},"class_list":["post-192","page","type-page","status-publish","hentry","entry"],"_links":{"self":[{"href":"https:\/\/dev.baumwipfelweg-bad-camberg.de\/index.php\/wp-json\/wp\/v2\/pages\/192","targetHints":{"allow":["GET"]}}],"collection":[{"href":"https:\/\/dev.baumwipfelweg-bad-camberg.de\/index.php\/wp-json\/wp\/v2\/pages"}],"about":[{"href":"https:\/\/dev.baumwipfelweg-bad-camberg.de\/index.php\/wp-json\/wp\/v2\/types\/page"}],"author":[{"embeddable":true,"href":"https:\/\/dev.baumwipfelweg-bad-camberg.de\/index.php\/wp-json\/wp\/v2\/users\/2"}],"replies":[{"embeddable":true,"href":"https:\/\/dev.baumwipfelweg-bad-camberg.de\/index.php\/wp-json\/wp\/v2\/comments?post=192"}],"version-history":[{"count":145,"href":"https:\/\/dev.baumwipfelweg-bad-camberg.de\/index.php\/wp-json\/wp\/v2\/pages\/192\/revisions"}],"predecessor-version":[{"id":2962,"href":"https:\/\/dev.baumwipfelweg-bad-camberg.de\/index.php\/wp-json\/wp\/v2\/pages\/192\/revisions\/2962"}],"wp:attachment":[{"href":"https:\/\/dev.baumwipfelweg-bad-camberg.de\/index.php\/wp-json\/wp\/v2\/media?parent=192"}],"curies":[{"name":"wp","href":"https:\/\/api.w.org\/{rel}","templated":true}]}}