{"id":18,"date":"2021-12-16T12:39:13","date_gmt":"2021-12-16T12:39:13","guid":{"rendered":"https:\/\/baumwipfelweg-bad-camberg.de\/?page_id=18"},"modified":"2024-03-04T09:54:27","modified_gmt":"2024-03-04T09:54:27","slug":"impressum","status":"publish","type":"page","link":"https:\/\/dev.baumwipfelweg-bad-camberg.de\/index.php\/impressum\/","title":{"rendered":"Impressum"},"content":{"rendered":"\t\t<div data-elementor-type=\"wp-page\" data-elementor-id=\"18\" class=\"elementor elementor-18\" data-elementor-post-type=\"page\">\n\t\t\t\t\t\t<section class=\"elementor-section elementor-top-section elementor-element elementor-element-3714f183 elementor-section-full_width elementor-section-height-min-height elementor-section-items-stretch elementor-section-height-default\" data-id=\"3714f183\" data-element_type=\"section\" data-e-type=\"section\">\n\t\t\t\t\t\t<div class=\"elementor-container elementor-column-gap-default\">\n\t\t\t\t\t<div class=\"elementor-column elementor-col-100 elementor-top-column elementor-element elementor-element-68e56afc\" data-id=\"68e56afc\" data-element_type=\"column\" data-e-type=\"column\" data-settings=\"{&quot;background_background&quot;:&quot;classic&quot;}\">\n\t\t\t<div class=\"elementor-widget-wrap elementor-element-populated\">\n\t\t\t\t\t<div class=\"elementor-background-overlay\"><\/div>\n\t\t\t\t\t\t<section class=\"elementor-section elementor-inner-section elementor-element elementor-element-4a5cc8 elementor-section-boxed elementor-section-height-default elementor-section-height-default\" data-id=\"4a5cc8\" data-element_type=\"section\" data-e-type=\"section\">\n\t\t\t\t\t\t<div class=\"elementor-container elementor-column-gap-default\">\n\t\t\t\t\t<div class=\"elementor-column elementor-col-100 elementor-inner-column elementor-element elementor-element-14557aa\" data-id=\"14557aa\" data-element_type=\"column\" data-e-type=\"column\" data-settings=\"{&quot;background_background&quot;:&quot;classic&quot;}\">\n\t\t\t<div class=\"elementor-widget-wrap elementor-element-populated\">\n\t\t\t\t\t\t<div class=\"elementor-element elementor-element-2d5719ac elementor-widget elementor-widget-heading\" data-id=\"2d5719ac\" data-element_type=\"widget\" data-e-type=\"widget\" data-widget_type=\"heading.default\">\n\t\t\t\t<div class=\"elementor-widget-container\">\n\t\t\t\t\t<h2 class=\"elementor-heading-title elementor-size-default\">Impressum<\/h2>\t\t\t\t<\/div>\n\t\t\t\t<\/div>\n\t\t\t\t\t<\/div>\n\t\t<\/div>\n\t\t\t\t\t<\/div>\n\t\t<\/section>\n\t\t\t\t\t<\/div>\n\t\t<\/div>\n\t\t\t\t\t<\/div>\n\t\t<\/section>\n\t\t\t\t<section class=\"elementor-section elementor-top-section elementor-element elementor-element-41788088 elementor-section-boxed elementor-section-height-default elementor-section-height-default\" data-id=\"41788088\" data-element_type=\"section\" data-e-type=\"section\">\n\t\t\t\t\t\t<div class=\"elementor-container elementor-column-gap-default\">\n\t\t\t\t\t<div class=\"elementor-column elementor-col-100 elementor-top-column elementor-element elementor-element-511a8898\" data-id=\"511a8898\" data-element_type=\"column\" data-e-type=\"column\">\n\t\t\t<div class=\"elementor-widget-wrap elementor-element-populated\">\n\t\t\t\t\t\t<div class=\"elementor-element elementor-element-7c22f482 elementor-widget elementor-widget-text-editor\" data-id=\"7c22f482\" data-element_type=\"widget\" data-e-type=\"widget\" data-widget_type=\"text-editor.default\">\n\t\t\t\t<div class=\"elementor-widget-container\">\n\t\t\t\t\t\t\t\t\t<h2>Verantwortlich f\u00fcr den Inhalt:<\/h2><p>B\u00fcroadresse &#8211;\u00a0<strong>nicht<\/strong>\u00a0die Adresse des Baumwipfelweg<\/p><p>Forest Adventures Deutschland GmbH<br \/>Am Kirschenweg 3<br \/>68519 Viernheim<br \/><a href=\"mailto:info@forest-adventures.de\">info@forest-adventures.de<\/a><br \/>www.forest-adventures.de<\/p><p>Telefax: 06204 6012984<\/p><h2>Sitz der Gesellschaft: Viernheim<\/h2><p>Registergericht: Darmstadt<br \/>Registernummer: HRB 98200<br \/>USt-IdNr. gem\u00e4\u00df \u00a7 27 a: DE253236040<br \/>Vertretungsberechtigte Gesch\u00e4ftsf\u00fchrer:<br \/>Dipl.-Kfm. Tobias Spindler, Dipl.-Kfm. Dirk Schr\u00f6der<\/p><h2>Powered and designed by:<\/h2><p>ITWerk Giessen GmbH<br \/>Siemensstrasse 7<br \/>35394 Giessen<\/p><p><a href=\"https:\/\/www.itwerk-giessen.de\/\" target=\"_blank\" rel=\"noopener\">www.itwerk-giessen.de<\/a><\/p><h2>Google Analytics<\/h2><p>Diese Website benutzt Google Analytics, einen Webanalysedienst der Google Inc. (&#8222;Google&#8220;) Google Analytics verwendet sogenannte &#8222;Cookies&#8220;, Textdateien, die auf Ihrem Computer gespeichert werden und die eine Analyse der Benutzung der Website durch Sie erm\u00f6glicht. Die durch den Cookie erzeugten Informationen \u00fcber Ihre Benutzung diese Website (einschlie\u00dflich Ihrer IP-Adresse) wird an einen Server von Google in den USA \u00fcbertragen und dort gespeichert. Google wird diese Informationen benutzen, um Ihre Nutzung der Website auszuwerten, um Reports \u00fcber die Websiteaktivit\u00e4ten f\u00fcr die Websitebetreiber zusammenzustellen und um weitere mit der Websitenutzung und der Internetnutzung verbundene Dienstleistungen zu erbringen. Auch wird Google diese Informationen gegebenenfalls an Dritte \u00fcbertragen, sofern dies gesetzlich vorgeschrieben oder soweit Dritte diese Daten im Auftrag von Google verarbeiten. Google wird in keinem Fall Ihre IP-Adresse mit anderen Daten von Google in Verbindung bringen. Sie k\u00f6nnen die Installation der Cookies durch eine entsprechende Einstellung Ihrer Browser Software verhindern; wir weisen Sie jedoch darauf hin, dass Sie in diesem Fall gegebenenfalls nicht s\u00e4mtliche Funktionen dieser Website voll umf\u00e4nglich nutzen k\u00f6nnen. Durch die Nutzung dieser Website erkl\u00e4ren Sie sich mit der Bearbeitung der \u00fcber Sie erhobenen Daten durch Google in der zuvor beschriebenen Art und Weise und zu dem zuvor benannten Zweck einverstanden.<\/p><h2>Haftungshinweis<\/h2><p>Trotz sorgf\u00e4ltiger inhaltlicher Kontrolle \u00fcbernehmen wir keine Haftung f\u00fcr die Inhalte externer Links. F\u00fcr den Inhalt der verlinkten Seiten sind ausschlie\u00dflich deren Betreiber verantwortlich.<\/p>\t\t\t\t\t\t\t\t<\/div>\n\t\t\t\t<\/div>\n\t\t\t\t\t<\/div>\n\t\t<\/div>\n\t\t\t\t\t<\/div>\n\t\t<\/section>\n\t\t\t\t<\/div>\n\t\t","protected":false},"excerpt":{"rendered":"<p>Impressum Verantwortlich f\u00fcr den Inhalt: B\u00fcroadresse &#8211;\u00a0nicht\u00a0die Adresse des Baumwipfelweg Forest Adventures Deutschland GmbHAm Kirschenweg 368519 Viernheiminfo@forest-adventures.dewww.forest-adventures.de Telefax: 06204 6012984 Sitz der Gesellschaft: Viernheim Registergericht: DarmstadtRegisternummer: HRB 98200USt-IdNr. gem\u00e4\u00df \u00a7 27 a: DE253236040Vertretungsberechtigte Gesch\u00e4ftsf\u00fchrer:Dipl.-Kfm. Tobias Spindler, Dipl.-Kfm. Dirk Schr\u00f6der Powered and designed by: ITWerk Giessen GmbHSiemensstrasse 735394 Giessen www.itwerk-giessen.de Google Analytics Diese Website benutzt Google &hellip; <\/p>\n<p class=\"link-more\"><a href=\"https:\/\/dev.baumwipfelweg-bad-camberg.de\/index.php\/impressum\/\" class=\"more-link\"><span class=\"screen-reader-text\">\u201eImpressum\u201c <\/span>weiterlesen<\/a><\/p>\n","protected":false},"author":1,"featured_media":0,"parent":0,"menu_order":0,"comment_status":"closed","ping_status":"closed","template":"elementor_header_footer","meta":{"_eb_attr":"","footnotes":""},"class_list":["post-18","page","type-page","status-publish","hentry","entry"],"_links":{"self":[{"href":"https:\/\/dev.baumwipfelweg-bad-camberg.de\/index.php\/wp-json\/wp\/v2\/pages\/18","targetHints":{"allow":["GET"]}}],"collection":[{"href":"https:\/\/dev.baumwipfelweg-bad-camberg.de\/index.php\/wp-json\/wp\/v2\/pages"}],"about":[{"href":"https:\/\/dev.baumwipfelweg-bad-camberg.de\/index.php\/wp-json\/wp\/v2\/types\/page"}],"author":[{"embeddable":true,"href":"https:\/\/dev.baumwipfelweg-bad-camberg.de\/index.php\/wp-json\/wp\/v2\/users\/1"}],"replies":[{"embeddable":true,"href":"https:\/\/dev.baumwipfelweg-bad-camberg.de\/index.php\/wp-json\/wp\/v2\/comments?post=18"}],"version-history":[{"count":23,"href":"https:\/\/dev.baumwipfelweg-bad-camberg.de\/index.php\/wp-json\/wp\/v2\/pages\/18\/revisions"}],"predecessor-version":[{"id":2885,"href":"https:\/\/dev.baumwipfelweg-bad-camberg.de\/index.php\/wp-json\/wp\/v2\/pages\/18\/revisions\/2885"}],"wp:attachment":[{"href":"https:\/\/dev.baumwipfelweg-bad-camberg.de\/index.php\/wp-json\/wp\/v2\/media?parent=18"}],"curies":[{"name":"wp","href":"https:\/\/api.w.org\/{rel}","templated":true}]}}